{"id":1235,"date":"2012-12-14T12:04:04","date_gmt":"2012-12-14T11:04:04","guid":{"rendered":"http:\/\/rvbl.dk\/?page_id=1235"},"modified":"2012-12-14T13:20:23","modified_gmt":"2012-12-14T12:20:23","slug":"praemierede-bygninger","status":"publish","type":"page","link":"https:\/\/rvbl.dk\/?page_id=1235","title":{"rendered":"Pr\u00e6mierede bygninger"},"content":{"rendered":"<p><strong>Pr\u00e6mieret bygning 2009<\/strong> <\/p>\n<p> Opf\u00f8rt i registranten som nr. 39. <\/p>\n<p>Den gamle Skole<br \/>\n L\u00f8vstr\u00e6de 5<\/p>\n<p> HISTORIE<\/p>\n<p> Opf\u00f8relses\u00e5r kendes ikke, men det vides, at huset har fungeret som skole fra 1826 til 1904 og for de mindste elever ogs\u00e5 efter dette tidspunkt.<br \/>\n Den f\u00f8rste brandtaxation fandt sted i 1841 og omtaler foruden selve skolen ogs\u00e5 den nordre l\u00e6nge p\u00e5 13 fag og den \u00f8stre l\u00e6nge p\u00e5 9 fag.<br \/>\n Bortset fra forvirring mht. verdenshj\u00f8rner, idet stuehus i 1862 angives at ligge i \u00f8st og vest (med gavle), er der n\u00e6ppe tvivl om, at &#8220;den \u00f8stre l\u00e6nge&#8221; p\u00e5 9 fag er identisk med Skolelodden 6, som i 1962 blev udmatrikuleret til nr. 2 c.<br \/>\n Fra nulevende R\u00f8rvigere ved man, at denne bygning i deres skoletid indeholdr retirader for henholdsvis l\u00e6rer, piger og drenge.<br \/>\n P\u00e5 gamle fotografier ses p\u00e5 skolens sydside et bislag med en b\u00e6nk udenfor og en postkasse p\u00e5 v\u00e6ggen.<\/p>\n<p> &#8220;Den gamle Skole&#8221; ligger med sin facade mod L\u00f8vstr\u00e6de og sin sydvendte have bag et rosenhegn og et stendige. Den nordvendte g\u00e5rdsplads har i over 100 \u00e5r givet plads for R\u00f8rvigs skoleb\u00f8rn.<\/p>\n<p> Plaketten er givet, fordi ejeren af &#8220;Den gamle Skole&#8221; med flid og godt h\u00e5ndv\u00e6rk har vedligeholdt bygningen, s\u00e5 den i dag fremst\u00e5r med sit orieginale indtryk, samtidig med at det er en nutidig bolig, der lever op til alle krav om funktionalitet.<br \/>\n H\u00e5ndv\u00e6rket er en v\u00e6sentlig betydning og er ogs\u00e5 af &#8220;den gamle skole&#8221;, hvor der ikke er g\u00e5et p\u00e5 kompromis med materialer og kvalitet. S\u00e5ledes har man genskabt den gamle hovedd\u00f8r, s\u00e5 den i dag fremst\u00e5r pr\u00e6cist som den oprindelige, en dobbeltd\u00f8r med tre fyldninger i hver d\u00f8r og med overlys med sm\u00e5sprossede ruder.<\/p>\n<p><strong>Pr\u00e6mieret bygning 2004<\/strong><\/p>\n<p>Toldbodvej 35-37 <\/p>\n<p>Opf\u00f8rt i registranten som nr. 51. <\/p>\n<p>HISTORIE <\/p>\n<p>Der er i kildematerialet ikke mange oplysninger at hente, men det vides, at parcellen er udstykket i 1853.<br \/>\nBrandforsikringsprotokollen fra 1858 omtaler et \u201cUdflytterhus p\u00e5 R\u00f8rvig mark, et stuehus med kakkelovn og indmuret kedel\u201d.<br \/>\nVed brandforsikring i 1904 n\u00e6vnes desuden et \u201cMaterialehus i beton og med tagpap\u201d hvilket viser, at nuv\u00e6rende str\u00e5tag p\u00e5 dette er tilkommet senere. <\/p>\n<p>P\u00e5sk\u00f8nnelsen for den gode vedligeholdelse er givet til husets ejere Lis og Ejvind Kristensen, som igennem de \u00e5r de har ejet huset, har repareret og vedligeholdt huset med stor respekt for husets oprindelige pr\u00e6g.<\/p>\n<p>Huset er et 7 fags grundmuret l\u00e6ngehus med sadeltag t\u00e6kket med str\u00e5, som forneden er afsluttet p\u00e5 en r\u00e6kke r\u00f8de vingetegl hvilende p\u00e5 en udmuret gesims. Huset er beliggende p\u00e5 en meget stor grund, omkranset af tr\u00e6er og buske, som giver haven en parklignende pr\u00e6g, og med et meget stort kastanietr\u00e6 midt p\u00e5 den store pl\u00e6ne. Bag hovedhuset ligger udhus, og som tredje hus garagen. Alle tre bygninger er t\u00e6kket med str\u00e5 og yderv\u00e6ggene holdt i gul farve.<\/p>\n<p>Ogs\u00e5 indvendigt fornemmes tydeligt sansen for bevaring af det gamle hus. I k\u00f8kkenet st\u00e5r s\u00e5ledes det gamle komfur, hvor der stadig fyres op.<\/p>\n<p>Efter at flere af g\u00e5rdene i R\u00f8rvig by var udflyttet, og jorderne til g\u00e5rdene blev samlet omkring g\u00e5rden uden for byen, begyndte en udstykning af de sm\u00e5 jordlodder, som l\u00e5 inde ved byen. Man b\u00f8r huske p\u00e5, at vejen til havnen (Toldbodvej) dengang l\u00e5 udenfor byen, og huset er i bogen \u201dDet gamle R\u00f8rvig\u201d i brandforsikringsprotokollen beskrevet s\u00e5ledes; \u201dUdflytterhus p\u00e5 R\u00f8rvig mark, et stuehus med kakkelovn og indmuret kedel\u201d.  Der har fra starten sikkert kun v\u00e6ret hovedhuset, indrettet med k\u00f8kken, to sm\u00e5 stuer, sovev\u00e6relse, et lille kammer og en lille forgang ud mod vejen. Udhuset har oprindelig v\u00e6ret stald, sandsynligvis til et par grise, f\u00e5r, lidt h\u00f8ns og g\u00e6s. Et lille hj\u00f8rne var taget til lokum. Rummet er stadig bevaret med sin egen d\u00f8r, men anvendes dog til andet form\u00e5l.<\/p>\n<p>Bygningen som nu er garage, er bygget omkring 1900. <\/p>\n<p><strong>Pr\u00e6mieret bygning 2002<\/strong><\/p>\n<p> Opf\u00f8rt i registranten som nr. <\/p>\n<p>\u00d8stergade 23<\/p>\n<p>HISTORIE <\/p>\n<p><strong>Pr\u00e6mieret bygning 2001<\/strong>  <\/p>\n<p>Trollesminde<br \/>\nN\u00f8rrevangsvej 7-9<\/p>\n<p><strong>Pr\u00e6mierede bygninger 1997<\/strong><br \/>\nI 1997 blev hele to bygninger pr\u00e6mieret.<\/p>\n<p>Smedestr\u00e6de 8<br \/>\n Opf\u00f8rt i registranten som nr. 36<\/p>\n<p>M\u00f8llebakken 8<br \/>\nOpf\u00f8rt i registranten som nr. 57.<\/p>\n<p>HISTORIE<\/p>\n<p>Husets f\u00f8rste ejer m\u00f8ller Peder Madsen er identisk med arvef\u00e6stmand til M\u00f8lleg\u00e5rden og til den gamle stubm\u00f8lle, som i 1842 blev udskiftet med den nuv\u00e6rende R\u00f8rvig M\u00f8lle.<br \/>\nS\u00f8nnen m\u00f8ller Niels Pedersen erhvervede i 1843 m\u00f8llen og omkring samme tidspunkt M\u00f8lleg\u00e5rden, og blev en af de mest besiddende m\u00e6nd i R\u00f8rvig. Der henvises til beskrivelse af M\u00f8llen (nr. 12 i Registranten) Vestergade 46 (nr. 32 i Registranten) og Vestergade 12 (nr. 25 i Registranten).<br \/>\nBrandtaxation fra 1853 omtaler ejendommen s\u00e5ledes: Udflytterhus under Det Odsherredske Gods. Arvef\u00e6ster, m\u00f8ller Niels Pedersen.<br \/>\nStuehus i \u00f8st og vest med enderne. 9 fag, 10\u00bd alen dyb, 23\u00bd alen lang. Fyr under- og overt\u00f8mmer. P\u00e5 sten, klinede v\u00e6gge, str\u00e5tag. 7\u00bd fag vinduer, 4 hollandske, 5 simple d\u00f8re, 5 fag loft, skorsten og bageovn af r\u00e5 br\u00e6ndte sten.<br \/>\nIndrettet fra vest. 3 fag til 2 stuer, 2 til skorsten og k\u00f8kken, indgang og kammer, 2 til lo, lade, 2 til kostald.<\/p>\n<p><strong>Pr\u00e6mieret bygning 1995<\/strong> <\/p>\n<p>Opf\u00f8rt i registranten som nr. <\/p>\n<p>Lodsoldermandsg\u00e5rden<br \/>\nToldbodvej 73<\/p>\n<p>HISTORIE <\/p>\n<p>Iblandt R\u00f8rvigs mange gamle bevaringsv\u00e6rdige ejendomme er der flere, som igennem de senere \u00e5r har gennemg\u00e5et en renovering eller blot almindelig vedligeholdelse, og hvor der er taget hensyn til alder og bygningsstil. Disse huse er blevet pr\u00e6mierede og har modtaget en plakette til ops\u00e6tning p\u00e5 bygningen.<\/p>\n<p><strong>Pr\u00e6mieret bygning 1994<\/strong> <\/p>\n<p>Opf\u00f8rt i registranten som nr. <\/p>\n<p>\u00d8stergade 12<\/p>\n<p>HISTORIE <\/p>\n<p>Iblandt R\u00f8rvigs mange gamle bevaringsv\u00e6rdige ejendomme er der flere, som igennem de senere \u00e5r har gennemg\u00e5et en renovering eller blot almindelig vedligeholdelse, og hvor der er taget hensyn til alder og bygningsstil. Disse huse er blevet pr\u00e6mierede og har modtaget en plakette til ops\u00e6tning p\u00e5 bygningen.<\/p>\n<p><strong>Pr\u00e6mieret bygning 1993<\/strong><br \/>\nOpf\u00f8rt i registranten som nr. 21<\/p>\n<p>Str\u00e6det 19<\/p>\n<p>HISTORIE <\/p>\n","protected":false},"excerpt":{"rendered":"<p>Pr\u00e6mieret bygning 2009 Opf\u00f8rt i registranten som nr. 39. Den gamle Skole L\u00f8vstr\u00e6de 5 HISTORIE Opf\u00f8relses\u00e5r kendes ikke, men det vides, at huset har fungeret som skole fra 1826 til 1904 og for de mindste elever ogs\u00e5 efter dette tidspunkt. Den f\u00f8rste brandtaxation fandt sted i 1841 og omtaler foruden selve skolen ogs\u00e5 den nordre &hellip; <a href=\"https:\/\/rvbl.dk\/?page_id=1235\" class=\"more-link\">L\u00e6s videre <span class=\"screen-reader-text\">Pr\u00e6mierede bygninger<\/span> <span class=\"meta-nav\">&rarr;<\/span><\/a><\/p>\n","protected":false},"author":1,"featured_media":0,"parent":214,"menu_order":0,"comment_status":"closed","ping_status":"closed","template":"","meta":{"footnotes":""},"class_list":["post-1235","page","type-page","status-publish","hentry"],"_links":{"self":[{"href":"https:\/\/rvbl.dk\/index.php?rest_route=\/wp\/v2\/pages\/1235","targetHints":{"allow":["GET"]}}],"collection":[{"href":"https:\/\/rvbl.dk\/index.php?rest_route=\/wp\/v2\/pages"}],"about":[{"href":"https:\/\/rvbl.dk\/index.php?rest_route=\/wp\/v2\/types\/page"}],"author":[{"embeddable":true,"href":"https:\/\/rvbl.dk\/index.php?rest_route=\/wp\/v2\/users\/1"}],"replies":[{"embeddable":true,"href":"https:\/\/rvbl.dk\/index.php?rest_route=%2Fwp%2Fv2%2Fcomments&post=1235"}],"version-history":[{"count":3,"href":"https:\/\/rvbl.dk\/index.php?rest_route=\/wp\/v2\/pages\/1235\/revisions"}],"predecessor-version":[{"id":1237,"href":"https:\/\/rvbl.dk\/index.php?rest_route=\/wp\/v2\/pages\/1235\/revisions\/1237"}],"up":[{"embeddable":true,"href":"https:\/\/rvbl.dk\/index.php?rest_route=\/wp\/v2\/pages\/214"}],"wp:attachment":[{"href":"https:\/\/rvbl.dk\/index.php?rest_route=%2Fwp%2Fv2%2Fmedia&parent=1235"}],"curies":[{"name":"wp","href":"https:\/\/api.w.org\/{rel}","templated":true}]}}