{"id":72,"date":"2012-11-21T14:08:54","date_gmt":"2012-11-21T13:08:54","guid":{"rendered":"http:\/\/rvbl.dk\/?page_id=72"},"modified":"2025-10-01T16:06:00","modified_gmt":"2025-10-01T15:06:00","slug":"medlemsbladet","status":"publish","type":"page","link":"https:\/\/rvbl.dk\/?page_id=72","title":{"rendered":"Medlemsbladet"},"content":{"rendered":"<p>To gange om \u00e5ret udsender foreningen sit medlemsblad <strong>R\u00f8rvig By og Land<\/strong> med information og artikler om aktuelle eller historiske emner. Bladet er naturligvis en del af vores service over for medlemmerne, men vi vil fremover hvert efter\u00e5r p\u00e5 denne side l\u00e6gge blade til download i pdf-form, der er mere end et \u00e5r gamle.<\/p>\n<p>Vi medtager gerne annoncer i bladet. Priserne fremg\u00e5r af denne <strong><a href=\"https:\/\/rvbl.dk\/wp-content\/uploads\/annoncepriser-2023.png\">prisliste<\/a><\/strong>. Eksempler fremg\u00e5r af bladene og vores side med <a title=\"Links\" href=\"http:\/\/rvbl.dk\/?page_id=77\"><strong>links<\/strong><\/a>.<\/p>\n<p><a href=\"http:\/\/rvbl.dk\/wp-content\/uploads\/r\u00f8rvig-by-og-land-2012-2.jpg\"><img loading=\"lazy\" decoding=\"async\" class=\"alignright size-medium wp-image-725\" title=\"r\u00f8rvig by og land 2012-2.qxp\" src=\"http:\/\/rvbl.dk\/wp-content\/uploads\/r\u00f8rvig-by-og-land-2012-2-289x300.jpg\" alt=\"\" width=\"289\" height=\"300\" srcset=\"https:\/\/rvbl.dk\/wp-content\/uploads\/r\u00f8rvig-by-og-land-2012-2-289x300.jpg 289w, https:\/\/rvbl.dk\/wp-content\/uploads\/r\u00f8rvig-by-og-land-2012-2-986x1024.jpg 986w\" sizes=\"auto, (max-width: 289px) 100vw, 289px\" \/><\/a>De senere eksemplarer af forg\u00e6ngeren, Bevar R\u00f8rvig, kan l\u00e6ses her:<\/p>\n<p><a href=\"https:\/\/isu.pub\/ONgjLnj\">2025-1<\/a><br \/>\n<a href=\"https:\/\/rvbl.dk\/wp-content\/uploads\/3k-1092596-Roervig-By-Land-nr-1-20242.pdf\">2024-1<\/a><br \/>\n<a href=\"https:\/\/rvbl.dk\/wp-content\/uploads\/3k-Roervig-By-Land-nr-1-2023-1.pdf\">2023-1\u00a0<\/a><br \/>\n<a href=\"https:\/\/rvbl.dk\/wp-content\/uploads\/2k-032985-Roervig-By-Land-nr-1-2022-enkel.pdf\">2022-1\u00a0<\/a><br \/>\n<a href=\"https:\/\/rvbl.dk\/wp-content\/uploads\/5k-024720-Roervig-By-Land-nr-2-2021-opslag-1-komprimeret.pdf\">2021-2<\/a><br \/>\n<a href=\"https:\/\/rvbl.dk\/wp-content\/uploads\/Roervig-By-Land-1-2021-1.pdf\">2021-1<\/a><br \/>\n<a href=\"https:\/\/rvbl.dk\/wp-content\/uploads\/WEB-Roervig-By-Lnd-2-2020.pdf\">2020-2<\/a><br \/>\n<a href=\"https:\/\/rvbl.dk\/wp-content\/uploads\/WEB-Roervig-Land-og-By-nr-1-2020.pdf\">2020-1<\/a><br \/>\n<a href=\"https:\/\/rvbl.dk\/wp-content\/uploads\/WEB-Roervig-Land-og-By-nr-2-2019.pdf\">2019-2<\/a><br \/>\n<a href=\"https:\/\/rvbl.dk\/wp-content\/uploads\/WEB-Roervig-Land-og-By.pdf\">2019-1<\/a><br \/>\n<a href=\"http:\/\/rvbl.dk\/wp-content\/uploads\/R\u00f8rvig-By-og-Land-2018-2.pdf\">2018-2<\/a>\u00a0(Pdf-download)<br \/>\n<a href=\"http:\/\/rvbl.dk\/wp-content\/uploads\/R\u00f8rvig-By-og-Land-2018-1.pdf\">2018-1<\/a>\u00a0(Pdf-download)<br \/>\n<a href=\"http:\/\/rvbl.dk\/wp-content\/uploads\/R\u00f8rvig-By-og-Land-2017-2.pdf\">2017-2<\/a>\u00a0(Pdf-download)<br \/>\n<a href=\"http:\/\/rvbl.dk\/wp-content\/uploads\/R\u00f8rvig-By-og-Land-2017-1.pdf\">2017-1<\/a>\u00a0(Pdf-download)<br \/>\n<a href=\"http:\/\/rvbl.dk\/wp-content\/uploads\/R\u00f8rvig-By-og-Land-2016-2.pdf\">2016-2<\/a>\u00a0(Pdf-download)<br \/>\n<a href=\"http:\/\/rvbl.dk\/wp-content\/uploads\/R\u00f8rvig-By-og-Land-2016-1.pdf\">2016-1<\/a>\u00a0(Pdf-download)<br \/>\n<a href=\"http:\/\/rvbl.dk\/wp-content\/uploads\/R\u00f8rvig-By-og-Land-2015-2.pdf\">2015-2<\/a>\u00a0(Pdf-download)<br \/>\n<a href=\"http:\/\/rvbl.dk\/wp-content\/uploads\/R\u00f8rvig-By-og-Land-2015-1.pdf\">2015-1<\/a>\u00a0(Pdf-download)<br \/>\n<a href=\"http:\/\/rvbl.dk\/wp-content\/uploads\/R\u00f8rvig-By-og-Land-2014-2.pdf\">2014-2<\/a> (Pdf-download)<br \/>\n<a href=\"http:\/\/rvbl.dk\/wp-content\/uploads\/R\u00f8rvig-By-og-Land-2014-1.pdf\">2014-1<\/a>\u00a0(Pdf-download)<br \/>\n<a href=\"http:\/\/rvbl.dk\/wp-content\/uploads\/R\u00f8rvig-By-og-Land-2013-2.pdf\">2013-2<\/a>\u00a0(Pdf-download)<br \/>\n<a href=\"http:\/\/rvbl.dk\/wp-content\/uploads\/R\u00f8rvig-By-og-Land-2013-1.pdf\">2013-1<\/a>\u00a0(Pdf-download)<br \/>\n<a href=\"http:\/\/rvbl.dk\/wp-content\/uploads\/bevar-r\u00f8rvig-1-12.pdf\">2012-1<\/a>\u00a0(Pdf-download)<br \/>\n<a href=\"http:\/\/rvbl.dk\/wp-content\/uploads\/bevar-r\u00f8rvig-2-11.pdf\">2011-2<\/a>\u00a0(Pdf-download)<br \/>\n<a href=\"http:\/\/rvbl.dk\/wp-content\/uploads\/bevar-r\u00f8rvig-1-11.pdf\">2011-1<\/a>\u00a0(Pdf-download)<br \/>\n<a href=\"http:\/\/rvbl.dk\/blad\/BR_2_2010.pdf\" target=\"_blank\" rel=\"noopener noreferrer\">2010-2<\/a> (Pdf-download)<br \/>\n<a href=\"http:\/\/rvbl.dk\/blad\/BR_1_2010.pdf\" target=\"_blank\" rel=\"noopener noreferrer\">2010-1<\/a> (Pdf-download)<br \/>\n<a href=\"http:\/\/rvbl.dk\/blad\/BR_2_2009.pdf\" target=\"_blank\" rel=\"noopener noreferrer\">2009-2<\/a> (Pdf-download)<br \/>\n<a href=\"http:\/\/rvbl.dk\/blad\/BR_1_2009.pdf\" target=\"_blank\" rel=\"noopener noreferrer\">2009-1<\/a> (Pdf-download)<br \/>\n<a href=\"http:\/\/rvbl.dk\/blad\/BR_2_2008.pdf\" target=\"_blank\" rel=\"noopener noreferrer\">2008-2<\/a> (Pdf-download)<\/p>\n","protected":false},"excerpt":{"rendered":"<p>To gange om \u00e5ret udsender foreningen sit medlemsblad R\u00f8rvig By og Land med information og artikler om aktuelle eller historiske emner. Bladet er naturligvis en del af vores service over for medlemmerne, men vi vil fremover hvert efter\u00e5r p\u00e5 denne side l\u00e6gge blade til download i pdf-form, der er mere end et \u00e5r gamle. Vi &hellip; <a href=\"https:\/\/rvbl.dk\/?page_id=72\" class=\"more-link\">L\u00e6s videre <span class=\"screen-reader-text\">Medlemsbladet<\/span> <span class=\"meta-nav\">&rarr;<\/span><\/a><\/p>\n","protected":false},"author":1,"featured_media":0,"parent":65,"menu_order":2,"comment_status":"closed","ping_status":"closed","template":"","meta":{"footnotes":""},"class_list":["post-72","page","type-page","status-publish","hentry"],"_links":{"self":[{"href":"https:\/\/rvbl.dk\/index.php?rest_route=\/wp\/v2\/pages\/72","targetHints":{"allow":["GET"]}}],"collection":[{"href":"https:\/\/rvbl.dk\/index.php?rest_route=\/wp\/v2\/pages"}],"about":[{"href":"https:\/\/rvbl.dk\/index.php?rest_route=\/wp\/v2\/types\/page"}],"author":[{"embeddable":true,"href":"https:\/\/rvbl.dk\/index.php?rest_route=\/wp\/v2\/users\/1"}],"replies":[{"embeddable":true,"href":"https:\/\/rvbl.dk\/index.php?rest_route=%2Fwp%2Fv2%2Fcomments&post=72"}],"version-history":[{"count":37,"href":"https:\/\/rvbl.dk\/index.php?rest_route=\/wp\/v2\/pages\/72\/revisions"}],"predecessor-version":[{"id":4520,"href":"https:\/\/rvbl.dk\/index.php?rest_route=\/wp\/v2\/pages\/72\/revisions\/4520"}],"up":[{"embeddable":true,"href":"https:\/\/rvbl.dk\/index.php?rest_route=\/wp\/v2\/pages\/65"}],"wp:attachment":[{"href":"https:\/\/rvbl.dk\/index.php?rest_route=%2Fwp%2Fv2%2Fmedia&parent=72"}],"curies":[{"name":"wp","href":"https:\/\/api.w.org\/{rel}","templated":true}]}}