{"id":77,"date":"2012-11-21T14:10:16","date_gmt":"2012-11-21T13:10:16","guid":{"rendered":"http:\/\/rvbl.dk\/?page_id=77"},"modified":"2024-06-14T11:34:40","modified_gmt":"2024-06-14T10:34:40","slug":"links","status":"publish","type":"page","link":"https:\/\/rvbl.dk\/?page_id=77","title":{"rendered":"Links"},"content":{"rendered":"<p><strong>Myndigheder og institutioner:<\/strong><\/p>\n<p><a title=\"Odsherred kommune\" href=\"http:\/\/www.odsherred.dk\/\" target=\"_blank\" rel=\"noopener\">Odsherred Kommune<\/a><br \/><a href=\"http:\/\/polweb.nethotel.dk\/Produkt\/PolWeb\/default.asp?p=odsherred&amp;page=welcome\" target=\"_blank\" rel=\"noopener\">Politikerweb Odsherred<\/a><br \/><a href=\"http:\/\/polweb.nethotel.dk\/Produkt\/PolWeb\/default.asp?p=odsherred&amp;page=welcome\" target=\"_blank\" rel=\"noopener\">Gr\u00f8nt R\u00e5d Odsherred<\/a><br \/><a href=\"http:\/\/naturstyrelsen.dk\/\" target=\"_blank\" rel=\"noopener\">Naturstyrelsen<\/a><br \/><a href=\"http:\/\/www.naturstyrelsen.dk\/Lokalt\/Vestsjaelland\/\" target=\"_blank\" rel=\"noopener\">Naturstyrelsen Vestsj\u00e6lland<\/a><br \/><a href=\"http:\/\/www.kulturstyrelsen.dk\/kulturarv\/\" target=\"_blank\" rel=\"noopener\">Kulturstyrelsen &#8211; Kulturarv<\/a><br \/><a href=\"http:\/\/www.roervigkirke.dk\" target=\"_blank\" rel=\"noopener\">R\u00f8rvig Kirke<\/a><br \/><a href=\"http:\/\/www.visitodsherred.dk\" target=\"_blank\" rel=\"noopener\">Odsherreds Turistbureau<\/a><br \/><a href=\"http:\/\/www.odsbib.dk\" target=\"_blank\" rel=\"noopener\">Odsherred Bibliotek og lokalarkiv<\/a><br \/><a href=\"http:\/\/www.odsmus.dk\/\" target=\"_blank\" rel=\"noopener\">Odsherreds Museum<\/a><br \/><a href=\"http:\/\/odsherred-naturskole.dk\/\" target=\"_blank\" rel=\"noopener\">Odsherred Naturskole<\/a><\/p>\n<p><strong>Foreninger:<\/strong><br \/><a href=\"http:\/\/www.roervig.dk\" target=\"_blank\" rel=\"noopener\">Roervig.dk &#8211; R\u00f8rvig Handels og H\u00e5ndv\u00e6rkerforening<\/a><br \/><a href=\"http:\/\/www.rfst.dk\/\" target=\"_blank\" rel=\"noopener\"> R\u00f8rvig Fuglestation<\/a><br \/><a href=\"http:\/\/www.byogland.dk\" target=\"_blank\" rel=\"noopener\">Landsforen. f. Bygnings- og Landskabskultur<\/a><br \/><a href=\"http:\/\/www.dn.dk\" target=\"_blank\" rel=\"noopener\">Danmarks Naturfredningsforening<\/a><br \/><a href=\"http:\/\/www.dn.dk\/Default.aspx?ID=161\" target=\"_blank\" rel=\"noopener\">DN Lokalafdeling<\/a><br \/><a href=\"http:\/\/www.bygningsbevaring.dk\" target=\"_blank\" rel=\"noopener\">Center for Bygningsbevaring i R\u00e5dvad<\/a><br \/><a href=\"http:\/\/www.bygningskultur.dk\/\" target=\"_blank\" rel=\"noopener\">Bygningskultur Danmark<\/a><\/p>\n<p><strong>Lokale portaler &amp; nyheder:<\/strong><br \/><a href=\"http:\/\/www.dmi.dk\/dmi\/index\/danmark\/byvejr_danmark.htm?by=4581\" target=\"_blank\" rel=\"noopener\">Vejrudsigt, R\u00f8rvig DMI<\/a><br \/><a href=\"http:\/\/www.landliggeren.dk\" target=\"_blank\" rel=\"noopener\">Landliggeren<\/a><br \/><a href=\"http:\/\/www.nordvestnyt.dk\/\" target=\"_blank\" rel=\"noopener\">Nordvestnyt<\/a><br \/><a href=\"https:\/\/rvbl.dk\/wp-content\/uploads\/Britze-210904-BIO-red.-st.-1.pdf\">Biografi maleren Johannes Britze<\/a><\/p>\n<p><strong>Kort, registre &amp; kalendere:<\/strong><br \/><a href=\"http:\/\/netkort.odsherred.dk\/\" target=\"_blank\" rel=\"noopener\">Odsherred Kommunes netkort<\/a><br \/><a href=\"http:\/\/kort.arealinfo.dk\" target=\"_blank\" rel=\"noopener\">Milj\u00f8portalen<\/a><br \/><a href=\"http:\/\/www.odsherred.dk\/page408.aspx\" target=\"_blank\" rel=\"noopener\">Lokalplaner<\/a><br \/><a href=\"http:\/\/www.kulturarv.dk\/fundogfortidsminder\/\" target=\"_blank\" rel=\"noopener\">Kulturarv &#8211; fundregister<\/a><br \/><a href=\"http:\/\/www.naturstyrelsen.dk\/udinaturen\/\" target=\"_blank\" rel=\"noopener\">Ud i Naturen<\/a><br \/><a href=\"http:\/\/www.kultunaut.dk\/perl\/view\/type-odsherred\/kalender\" target=\"_blank\" rel=\"noopener\">Odsherredkalenderen<\/a><br \/><a href=\"http:\/\/www.bolius.dk\/\" target=\"_blank\" rel=\"noopener\">Bolius &#8211; Boligejernes Videncenter<\/a><\/p>\n<p><strong>Links til annonc\u00f8rer og sponsorer:<\/strong><\/p>\n<div align=\"left\">\u00a0<\/div>\n\n\n<figure class=\"wp-block-image size-large\"><a href=\"https:\/\/agriculture.ec.europa.eu\/common-agricultural-policy\/rural-development_en\"><img loading=\"lazy\" decoding=\"async\" width=\"1024\" height=\"216\" src=\"https:\/\/rvbl.dk\/wp-content\/uploads\/LAG_foelgelogoer_1_dk-e1718351483888-1024x216.png\" alt=\"\" class=\"wp-image-4162\" srcset=\"https:\/\/rvbl.dk\/wp-content\/uploads\/LAG_foelgelogoer_1_dk-e1718351483888-1024x216.png 1024w, https:\/\/rvbl.dk\/wp-content\/uploads\/LAG_foelgelogoer_1_dk-e1718351483888-300x63.png 300w, https:\/\/rvbl.dk\/wp-content\/uploads\/LAG_foelgelogoer_1_dk-e1718351483888-768x162.png 768w, https:\/\/rvbl.dk\/wp-content\/uploads\/LAG_foelgelogoer_1_dk-e1718351483888-1536x325.png 1536w, https:\/\/rvbl.dk\/wp-content\/uploads\/LAG_foelgelogoer_1_dk-e1718351483888-2048x433.png 2048w\" sizes=\"auto, (max-width: 1024px) 100vw, 1024px\" \/><\/a><\/figure>\n\n\n<div class=\"wp-block-image\">\n<figure class=\"aligncenter\"><img decoding=\"async\" src=\"http:\/\/files.zite3.com\/data\/images\/317\/90\/0\/Max_Akselbo.jpg\" alt=\"\"\/><\/figure>\n<\/div>\n\n<div class=\"wp-block-image\">\n<figure class=\"aligncenter\"><a class=\"\" href=\"http:\/\/www.flemming-h.dk\" target=\"_blank\" rel=\"noreferrer noopener\"><img decoding=\"async\" src=\"http:\/\/files.zite3.com\/data\/images\/317\/300\/0\/Flemming_H.jpg\" alt=\"Flemming H\"\/><\/a><\/figure>\n<\/div>\n\n<div class=\"wp-block-image\">\n<figure class=\"aligncenter\"><a class=\"\" href=\"http:\/\/www.lindegaardbyg.com\/\" target=\"_blank\" rel=\"noreferrer noopener\"><img decoding=\"async\" src=\"http:\/\/files.zite3.com\/data\/images\/317\/301\/0\/Lindegaard.jpg\" alt=\"Lindegaard\"\/><\/a><\/figure>\n<\/div>\n\n<div class=\"wp-block-image\">\n<figure class=\"aligncenter\"><img decoding=\"async\" src=\"http:\/\/rvbl.dk\/wp-content\/uploads\/R%C3%B8rvig-Rammev%C3%A6rksted.jpg\" alt=\"R\u00c3\u00b8rvig-Rammev\u00c3\u00a6rksted\"\/><\/figure>\n<\/div>\n\n<div class=\"wp-block-image\">\n<figure class=\"aligncenter\"><a href=\"http:\/\/rvbl.dk\/wp-content\/uploads\/Martin-Olsen.jpg\"><img loading=\"lazy\" decoding=\"async\" width=\"450\" height=\"219\" src=\"http:\/\/rvbl.dk\/wp-content\/uploads\/Martin-Olsen.jpg\" alt=\"Martin-Olsen\" class=\"wp-image-1967\" srcset=\"https:\/\/rvbl.dk\/wp-content\/uploads\/Martin-Olsen.jpg 450w, https:\/\/rvbl.dk\/wp-content\/uploads\/Martin-Olsen-300x146.jpg 300w\" sizes=\"auto, (max-width: 450px) 100vw, 450px\" \/><\/a><\/figure>\n<\/div>\n\n<div class=\"wp-block-image\">\n<figure class=\"aligncenter\"><a href=\"https:\/\/www.spks.dk\/#utm_source=partnerskab_rvbl\" target=\"_blank\" rel=\"noreferrer noopener\"><img loading=\"lazy\" decoding=\"async\" width=\"450\" height=\"289\" src=\"http:\/\/rvbl.dk\/wp-content\/uploads\/Sparekassen_Sj.jpg\" alt=\"Sparekassen_Sj\" class=\"wp-image-1968\" srcset=\"https:\/\/rvbl.dk\/wp-content\/uploads\/Sparekassen_Sj.jpg 450w, https:\/\/rvbl.dk\/wp-content\/uploads\/Sparekassen_Sj-300x193.jpg 300w\" sizes=\"auto, (max-width: 450px) 100vw, 450px\" \/><\/a><\/figure>\n<\/div>\n\n<div class=\"wp-block-image\">\n<figure class=\"aligncenter\"><img decoding=\"async\" src=\"http:\/\/rvbl.dk\/wp-content\/uploads\/SPAR-1.jpg\" alt=\"SPAR (1)\"\/><\/figure>\n<\/div>\n\n<div class=\"wp-block-image\">\n<figure class=\"aligncenter\"><a class=\"\" href=\"http:\/\/www.transformergalleriet.dk\" target=\"_blank\" rel=\"noreferrer noopener\"><img decoding=\"async\" src=\"http:\/\/files.zite3.com\/data\/images\/317\/324\/0\/Transformer_Galleriet.jpg\" alt=\"Foreningsblad\"\/><\/a><\/figure>\n<\/div>\n\n<div class=\"wp-block-image\">\n<figure class=\"aligncenter\"><a class=\"\" href=\"http:\/\/www.vestnet.dk\" target=\"_blank\" rel=\"noreferrer noopener\"><img decoding=\"async\" src=\"http:\/\/files.zite3.com\/data\/images\/317\/320\/0\/VestNet.jpg\" alt=\"VestNet\"\/><\/a><\/figure>\n<\/div>\n\n<div class=\"wp-block-image\">\n<figure class=\"aligncenter\"><img decoding=\"async\" src=\"http:\/\/rvbl.dk\/wp-content\/uploads\/R%C3%B8rvig-El.jpg\" alt=\"R\u00c3\u00b8rvig-El\"\/><\/figure>\n<\/div>\n\n<div class=\"wp-block-image\">\n<figure class=\"aligncenter size-full\"><img loading=\"lazy\" decoding=\"async\" width=\"450\" height=\"513\" src=\"https:\/\/rvbl.dk\/wp-content\/uploads\/annoncepriser-2023-e1718351374748.png\" alt=\"\" class=\"wp-image-3864\" srcset=\"https:\/\/rvbl.dk\/wp-content\/uploads\/annoncepriser-2023-e1718351374748.png 450w, https:\/\/rvbl.dk\/wp-content\/uploads\/annoncepriser-2023-e1718351374748-263x300.png 263w\" sizes=\"auto, (max-width: 450px) 100vw, 450px\" \/><\/figure>\n<\/div>","protected":false},"excerpt":{"rendered":"<p>Myndigheder og institutioner: Odsherred KommunePolitikerweb OdsherredGr\u00f8nt R\u00e5d OdsherredNaturstyrelsenNaturstyrelsen Vestsj\u00e6llandKulturstyrelsen &#8211; KulturarvR\u00f8rvig KirkeOdsherreds TuristbureauOdsherred Bibliotek og lokalarkivOdsherreds MuseumOdsherred Naturskole Foreninger:Roervig.dk &#8211; R\u00f8rvig Handels og H\u00e5ndv\u00e6rkerforening R\u00f8rvig FuglestationLandsforen. f. Bygnings- og LandskabskulturDanmarks NaturfredningsforeningDN LokalafdelingCenter for Bygningsbevaring i R\u00e5dvadBygningskultur Danmark Lokale portaler &amp; nyheder:Vejrudsigt, R\u00f8rvig DMILandliggerenNordvestnytBiografi maleren Johannes Britze Kort, registre &amp; kalendere:Odsherred Kommunes netkortMilj\u00f8portalenLokalplanerKulturarv &#8211; fundregisterUd i &hellip; <a href=\"https:\/\/rvbl.dk\/?page_id=77\" class=\"more-link\">L\u00e6s videre <span class=\"screen-reader-text\">Links<\/span> <span class=\"meta-nav\">&rarr;<\/span><\/a><\/p>\n","protected":false},"author":1,"featured_media":0,"parent":0,"menu_order":5,"comment_status":"closed","ping_status":"closed","template":"","meta":{"footnotes":""},"class_list":["post-77","page","type-page","status-publish","hentry"],"_links":{"self":[{"href":"https:\/\/rvbl.dk\/index.php?rest_route=\/wp\/v2\/pages\/77","targetHints":{"allow":["GET"]}}],"collection":[{"href":"https:\/\/rvbl.dk\/index.php?rest_route=\/wp\/v2\/pages"}],"about":[{"href":"https:\/\/rvbl.dk\/index.php?rest_route=\/wp\/v2\/types\/page"}],"author":[{"embeddable":true,"href":"https:\/\/rvbl.dk\/index.php?rest_route=\/wp\/v2\/users\/1"}],"replies":[{"embeddable":true,"href":"https:\/\/rvbl.dk\/index.php?rest_route=%2Fwp%2Fv2%2Fcomments&post=77"}],"version-history":[{"count":47,"href":"https:\/\/rvbl.dk\/index.php?rest_route=\/wp\/v2\/pages\/77\/revisions"}],"predecessor-version":[{"id":4163,"href":"https:\/\/rvbl.dk\/index.php?rest_route=\/wp\/v2\/pages\/77\/revisions\/4163"}],"wp:attachment":[{"href":"https:\/\/rvbl.dk\/index.php?rest_route=%2Fwp%2Fv2%2Fmedia&parent=77"}],"curies":[{"name":"wp","href":"https:\/\/api.w.org\/{rel}","templated":true}]}}