{"id":860,"date":"2012-12-04T21:48:53","date_gmt":"2012-12-04T20:48:53","guid":{"rendered":"http:\/\/rvbl.dk\/?page_id=860"},"modified":"2012-12-04T21:51:20","modified_gmt":"2012-12-04T20:51:20","slug":"missionskurstedet","status":"publish","type":"page","link":"https:\/\/rvbl.dk\/?page_id=860","title":{"rendered":"Missionskurstedet"},"content":{"rendered":"<p>Missionskurstedet, Strandhotellet, Missionshotellet og idag R\u00f8rvig Folkeh\u00f8jskole.<br \/>\nK\u00e6rt barn &#8211; mange navne.<\/p>\n<p><a href=\"http:\/\/rvbl.dk\/wp-content\/uploads\/11.jpg\"><img loading=\"lazy\" decoding=\"async\" src=\"http:\/\/rvbl.dk\/wp-content\/uploads\/11.jpg\" alt=\"\" title=\"1\" width=\"600\" height=\"451\" class=\"aligncenter size-full wp-image-868\" srcset=\"https:\/\/rvbl.dk\/wp-content\/uploads\/11.jpg 600w, https:\/\/rvbl.dk\/wp-content\/uploads\/11-300x225.jpg 300w\" sizes=\"auto, (max-width: 600px) 100vw, 600px\" \/><\/a><a href=\"http:\/\/rvbl.dk\/wp-content\/uploads\/21.jpg\"><img loading=\"lazy\" decoding=\"async\" src=\"http:\/\/rvbl.dk\/wp-content\/uploads\/21.jpg\" alt=\"\" title=\"2\" width=\"600\" height=\"488\" class=\"aligncenter size-full wp-image-867\" srcset=\"https:\/\/rvbl.dk\/wp-content\/uploads\/21.jpg 600w, https:\/\/rvbl.dk\/wp-content\/uploads\/21-300x244.jpg 300w\" sizes=\"auto, (max-width: 600px) 100vw, 600px\" \/><\/a><a href=\"http:\/\/rvbl.dk\/wp-content\/uploads\/31.jpg\"><img loading=\"lazy\" decoding=\"async\" src=\"http:\/\/rvbl.dk\/wp-content\/uploads\/31.jpg\" alt=\"\" title=\"3\" width=\"600\" height=\"388\" class=\"aligncenter size-full wp-image-866\" srcset=\"https:\/\/rvbl.dk\/wp-content\/uploads\/31.jpg 600w, https:\/\/rvbl.dk\/wp-content\/uploads\/31-300x194.jpg 300w\" sizes=\"auto, (max-width: 600px) 100vw, 600px\" \/><\/a><a href=\"http:\/\/rvbl.dk\/wp-content\/uploads\/41.jpg\"><img loading=\"lazy\" decoding=\"async\" src=\"http:\/\/rvbl.dk\/wp-content\/uploads\/41.jpg\" alt=\"\" title=\"4\" width=\"600\" height=\"422\" class=\"aligncenter size-full wp-image-865\" srcset=\"https:\/\/rvbl.dk\/wp-content\/uploads\/41.jpg 600w, https:\/\/rvbl.dk\/wp-content\/uploads\/41-300x211.jpg 300w\" sizes=\"auto, (max-width: 600px) 100vw, 600px\" \/><\/a><a href=\"http:\/\/rvbl.dk\/wp-content\/uploads\/51.jpg\"><img loading=\"lazy\" decoding=\"async\" src=\"http:\/\/rvbl.dk\/wp-content\/uploads\/51.jpg\" alt=\"\" title=\"5\" width=\"600\" height=\"488\" class=\"aligncenter size-full wp-image-864\" srcset=\"https:\/\/rvbl.dk\/wp-content\/uploads\/51.jpg 600w, https:\/\/rvbl.dk\/wp-content\/uploads\/51-300x244.jpg 300w\" sizes=\"auto, (max-width: 600px) 100vw, 600px\" \/><\/a><a href=\"http:\/\/rvbl.dk\/wp-content\/uploads\/6.jpg\"><img loading=\"lazy\" decoding=\"async\" src=\"http:\/\/rvbl.dk\/wp-content\/uploads\/6.jpg\" alt=\"\" title=\"6\" width=\"600\" height=\"411\" class=\"aligncenter size-full wp-image-863\" srcset=\"https:\/\/rvbl.dk\/wp-content\/uploads\/6.jpg 600w, https:\/\/rvbl.dk\/wp-content\/uploads\/6-300x205.jpg 300w\" sizes=\"auto, (max-width: 600px) 100vw, 600px\" \/><\/a><a href=\"http:\/\/rvbl.dk\/wp-content\/uploads\/7.jpg\"><img loading=\"lazy\" decoding=\"async\" src=\"http:\/\/rvbl.dk\/wp-content\/uploads\/7.jpg\" alt=\"\" title=\"7\" width=\"600\" height=\"342\" class=\"aligncenter size-full wp-image-862\" srcset=\"https:\/\/rvbl.dk\/wp-content\/uploads\/7.jpg 600w, https:\/\/rvbl.dk\/wp-content\/uploads\/7-300x171.jpg 300w\" sizes=\"auto, (max-width: 600px) 100vw, 600px\" \/><\/a><a href=\"http:\/\/rvbl.dk\/wp-content\/uploads\/8.jpg\"><img loading=\"lazy\" decoding=\"async\" src=\"http:\/\/rvbl.dk\/wp-content\/uploads\/8.jpg\" alt=\"\" title=\"8\" width=\"600\" height=\"389\" class=\"aligncenter size-full wp-image-861\" srcset=\"https:\/\/rvbl.dk\/wp-content\/uploads\/8.jpg 600w, https:\/\/rvbl.dk\/wp-content\/uploads\/8-300x194.jpg 300w\" sizes=\"auto, (max-width: 600px) 100vw, 600px\" \/><\/a><\/p>\n","protected":false},"excerpt":{"rendered":"<p>Missionskurstedet, Strandhotellet, Missionshotellet og idag R\u00f8rvig Folkeh\u00f8jskole. K\u00e6rt barn &#8211; mange navne.<\/p>\n","protected":false},"author":1,"featured_media":0,"parent":63,"menu_order":6,"comment_status":"closed","ping_status":"closed","template":"","meta":{"footnotes":""},"class_list":["post-860","page","type-page","status-publish","hentry"],"_links":{"self":[{"href":"https:\/\/rvbl.dk\/index.php?rest_route=\/wp\/v2\/pages\/860","targetHints":{"allow":["GET"]}}],"collection":[{"href":"https:\/\/rvbl.dk\/index.php?rest_route=\/wp\/v2\/pages"}],"about":[{"href":"https:\/\/rvbl.dk\/index.php?rest_route=\/wp\/v2\/types\/page"}],"author":[{"embeddable":true,"href":"https:\/\/rvbl.dk\/index.php?rest_route=\/wp\/v2\/users\/1"}],"replies":[{"embeddable":true,"href":"https:\/\/rvbl.dk\/index.php?rest_route=%2Fwp%2Fv2%2Fcomments&post=860"}],"version-history":[{"count":2,"href":"https:\/\/rvbl.dk\/index.php?rest_route=\/wp\/v2\/pages\/860\/revisions"}],"predecessor-version":[{"id":871,"href":"https:\/\/rvbl.dk\/index.php?rest_route=\/wp\/v2\/pages\/860\/revisions\/871"}],"up":[{"embeddable":true,"href":"https:\/\/rvbl.dk\/index.php?rest_route=\/wp\/v2\/pages\/63"}],"wp:attachment":[{"href":"https:\/\/rvbl.dk\/index.php?rest_route=%2Fwp%2Fv2%2Fmedia&parent=860"}],"curies":[{"name":"wp","href":"https:\/\/api.w.org\/{rel}","templated":true}]}}